 r(t) = -2*t**2 - 2*t + 1. Let u(f) = 7*f**2 - 2*f - 2. Let z(g) = -3*r(g) - u(g). Determine z(6).
11
Let r(j) be the second derivative of j**3/6 + 30*j. Determine r(7).
7
Let k be 6*3/(-6)*1. Let i(c) be the second derivative of c**5/20 + c**4/6 - c**3/6 - c**2 - 7*c. What is i(k)?
-8
Let x(t) = -t**3 + 8*t**2 + 22*t - 26. Let q be x(10). Let v(j) = -j**2 - 9*j + 6. Give v(q).
24
Suppose 945 = -2*a + 9*a. Let i be 17/5 - (a/(-25))/9. Let d(b) be the third derivative of b**4/6 - 5*b**3/6 - b**2. What is d(i)?
11
Let o(n) = n**2 - 15*n + 9. Let p(w) = w**3 - 4*w**2 - 3*w + 5. Let u be p(5). Determine o(u).
9
Let z = 51 + -51. Suppose 0 = 4*a - 5*b + 15, -b = a + 6 - z. Let j(d) = d**2 + 2*d - 6. Calculate j(a).
9
Let g(c) = -c**3 + 2*c**2 + 4*c - 204 + 99 + 101. Let b be (-1 - -7)*(-6)/(-12). Calculate g(b).
-1
Suppose -5 + 60 = -11*i. Let g(x) = -x + 2. Let h(z) = 8*z - 1. Let w(f) = i*g(f) - h(f). What is w(-6)?
9
Let p be (-1 - (-1 - -6))/((-123)/82). Let b(t) = 23*t - t**2 + 6*t**2 - 28*t + 6 - t**3. What is b(p)?
2
Let n(c) be the second derivative of -5*c**3/2 - 3*c**2/2 - 135*c. What is n(-1)?
12
Let n(t) = t**2 - t - 1. Let y(c) be the third derivative of -c**5/10 + c**4/6 + 5*c**3/6 + 7*c**2. Let f(r) = 5*n(r) + y(r). What is f(0)?
0
Let q(b) = 2*b - 10. Suppose -3*y = 2*y + 10, 3*m - 4*y - 14 = 0. Suppose m*z - 3 = 11. Calculate q(z).
4
Let u(b) = -b**2 - 7*b + 10. Let m be u(-8). Let g(f) be the third derivative of -f**6/120 + f**5/60 + f**4/8 - f**3/2 + f**2. Give g(m).
-1
Let q(l) = l**2 + 2*l - 8. Let s be q(-6). Let i be (s/20)/((-6)/45). Let h(m) = -m**2 - 5*m + 7. Give h(i).
1
Let g(o) = o**3 - 7*o**2 - 9*o + 11. Let f be g(8). Let d(a) = 4 - 7*a**f - 2*a + 8*a**3 + a - 3*a**2. Calculate d(3).
1
Let j(k) be the second derivative of 0 - 1/20*k**5 + 1/4*k**4 - 5*k - k**2 - 1/3*k**3. Give j(3).
-8
Let a(f) be the second derivative of -f**4/12 - 11*f**3/6 - 3*f**2/2 - 9*f. Give a(-6).
27
Let t(s) = -s + 4. Suppose -3*o = 4*v - 27, 5*v + 3*o - o = 25. Suppose 6*y - y = -m - 20, 0 = -3*m - v*y. Determine t(m).
-1
Let h(x) be the first derivative of -2*x**3/3 - 2*x**2 + x + 124. What is h(-3)?
-5
Let b(k) = -105*k - 28. Let d(y) = 19*y + 5. Let h(n) = 5*b(n) + 28*d(n). Let c be -3*1/(-3)*(-3)/(-1). Suppose 15*v - c = 12*v. Determine h(v).
7
Let o(a) be the third derivative of 10*a**2 + 1/24*a**4 + 0*a + 0 + 1/2*a**3. Calculate o(-6).
-3
Let g be (1*(4 - 4))/4. Let w be 1 - (g - -9 - 2). Let h(d) = 3 - 3 + d + 5 + 3. Determine h(w).
2
Let u(j) be the first derivative of -j**2/2 + 2*j - 2. Suppose 5*w = 16 + 14. Give u(w).
-4
Let k(g) = 37*g**2 - g. Let q(y) = 4*y**2 + 35*y + 48. Let c be q(-7). Give k(c).
38
Let b(y) = -10*y - 45. Let q be b(-4). Let w(u) = -2*u - 9. Determine w(q).
1
Let x(k) be the first derivative of k**4/24 + k**3/6 + k**2/2 - 5. Let t(a) be the second derivative of x(a). Calculate t(-3).
-2
Suppose -4*d - 2*r + 12 = -7*d, 0 = -2*r. Let l be -1 - -4*(-2)/d. Let g(k) = 9*k - 1. Give g(l).
8
Let g(y) = 5*y**3 - 4*y**2 + 9*y - 12. Let q(r) = -r**3 + r**2 - 2*r - 2. Let h(t) = g(t) + 4*q(t). Calculate h(0).
-20
Let s(o) = -o + 17. Let m(u) = 2*u - 33. Let v(g) = -3*m(g) - 5*s(g). Let t be v(11). Suppose 3 = t*p + 12. Let d(h) = 2*h + 2. Calculate d(p).
-4
Let c(r) be the third derivative of r**6/120 + 3*r**5/20 - 13*r**4/24 - 11*r**3/2 + 317*r**2. Give c(-10).
-3
Let u(c) = -c - 4. Let i(v) = 1. Let r(h) = -4*i(h) - u(h). Calculate r(6).
6
Let s(p) = 625 + 7*p - p**2 - 634 - p**3 - 7*p. Let v be 2 + -4 + (3 - 1). What is s(v)?
-9
Let x(j) be the third derivative of 31*j**2 + 0 + 0*j + 1/3*j**4 + 1/6*j**3. Determine x(-1).
-7
Let a(m) = -m + 7. Let x be a(7). Let k(u) = 3*u**3 + 5*u**2 + 3*u + 8. Let z(w) = -7*w**3 - 11*w**2 - 7*w - 15. Let y(d) = 9*k(d) + 4*z(d). Give y(x).
12
Let g be -1 - 4/((-8)/(-6)). Let v be g*-11*(-2)/(-8). Let d(c) = -3*c + v*c**2 - c + 3*c. Calculate d(-1).
12
Suppose -4*l + 785 = c, -2*l + 5*c = -5*l + 576. Let u(d) = -d - l - 196 - 200 + 597. What is u(6)?
-2
Let h(n) = 2*n**2 - 4*n + 1. Suppose 0 = -w + 2, 6*w - w + 245 = -5*x. Let u be ((-1)/(-2)*2)/((-17)/x). What is h(u)?
7
Let o(a) be the second derivative of 1/6*a**4 + 0 - 10*a + 1/2*a**2 + 2/3*a**3. Let s = -6 - -3. What is o(s)?
7
Let f(o) = -o**2 + 5*o - 1. Let y(g) = -g + 19. Let h be y(12). Suppose 0 = h*k - 3*k - 8. Determine f(k).
5
Let h(u) = -u**3 + 7*u**2 - 7*u + 2. Let r be h(6). Let v be ((-2 - -2)/r)/(-4). Let w be 1*(v + 1) + -2. Let p(f) = 6*f**2 - f. Give p(w).
7
Let g(s) = 2*s**2 - 2*s - 1. Let b(w) = w**2 - 9*w + 4. Let a be 12/4 + 4*1. Let p be b(a). Let d be (p/25)/((-1)/5). Calculate g(d).
3
Let s(j) = 5*j**3 - 4*j**2 + 3*j - 4. Let g(z) = -z**3 - z. Let k(o) = 4*g(o) + s(o). Give k(5).
16
Let a(m) = -m**3 + m**2 - 4*m - 11. Let n be (-10)/20*-20 - 10. What is a(n)?
-11
Let s(y) = 3*y - 36. Let z(b) = -b + 12. Let r(x) = 3*s(x) + 8*z(x). Calculate r(5).
-7
Suppose -2*b - 42 + 52 = -2*d, 0 = 2*d + 6. Let p(i) = -i**2 - 2*i + 3. Calculate p(b).
-5
Let b(g) = -g**3 - 11*g**2 - 12*g + 56. Let m be b(-9). Let y(o) = -7*o**2 + 1. What is y(m)?
-27
Let y = -5 - 0. Let p = y - -4. Let m(g) be the second derivative of -2*g**5/5 - g**4/6 - g**3/3 - g**2/2 + 120*g. What is m(p)?
7
Suppose 0 = 3*p - 4 - 2. Let u(y) = -3*y**3 + 5*y**2 + 2 + p*y**3 + 5 + 3*y. Let i(x) = x**2 + x. Let q(z) = -4*i(z) + u(z). Give q(0).
7
Suppose 0*b = -28*b + 56. Let p(k) = 6*k + 8. Calculate p(b).
20
Let v(m) = -2*m**3 + 2*m**2 + 2*m - 1. Let s(y) be the first derivative of 3*y**4/4 - 4*y**3/3 - 2*y**2 + 3*y + 12. Let k(u) = 2*s(u) + 5*v(u). Give k(-1).
5
Let n(w) = w**3 + w**2 - 3*w - 3. Let c(t) = t**3 - 7*t**2 + 11*t - 33. Let s be c(6). Calculate n(s).
-12
Let s(p) = -13*p. Let w = 33 - 29. Suppose -w*y - 4 - 16 = 0. Let q(b) = 7*b. Let i(c) = y*q(c) - 3*s(c). What is i(1)?
4
Let g(j) = 4*j + 21. Let p(y) = y**2 + 14*y + 43. Let d be p(-7). What is g(d)?
-3
Let w(f) be the first derivative of -f**2 - 8*f - 61. What is w(0)?
-8
Let a(v) be the first derivative of -v**3/3 + 5*v**2 + 5*v + 98. Determine a(10).
5
Let v be 1 + 0 - (3 + -1). Let u be (6/(-1))/(-2) - v. Let b be 0/(u/((-16)/(-4))). Let o(m) = -m. Calculate o(b).
0
Let v(q) = -17 + 16 + 0*q - 4*q + q**2. Suppose 4*x - 46 = -c - 1, 0 = -4*c - 12. Suppose 5*w + s - x = 0, -5*s + 2*s + 3 = 4*w. Give v(w).
-4
Let z(a) = -a**3 + 3*a**2 - 3*a + 16. Suppose -2*p = o - 8, -15*o + 6 = -12*o - 3*p. Give z(o).
-12
Let k(f) = -5*f**2 + 9*f - 3. Let y(p) = -7*p**2 + 10*p - 2. Let b(r) = 3*k(r) - 2*y(r). What is b(5)?
5
Suppose -5*g + 29 - 9 = 0. Let b(c) = -c + 1. Let q be b(-1). Let n(h) = -7*h + 2 - h - 26*h**q + 2*h + 27*h**2. Determine n(g).
-6
Suppose 2*k + 0*k - 4*b = -16, -3*b = -3*k - 12. Let f(s) = 0*s - 1 + 2*s + k*s + 8*s**2 - 3*s. Determine f(-1).
8
Suppose k + 33*l = 29*l - 25, -2*l - 6 = 0. Let u(h) = h + 22. Calculate u(k).
9
Let a(c) = -2*c + 2. Suppose 2*h = -3*h - 40. Let j(s) = -s**3 - 8*s**2 - 2*s - 2. Let z be j(h). Suppose 2*g + z = 5*x + g, 0 = 3*x + 2*g - 11. What is a(x)?
-4
Let o(i) be the second derivative of i**4/12 - i**3/3 + i**2/2 + i. Suppose h = 2*b + 13 - 2, 4*b + 20 = 0. Give o(h).
0
Let n(d) = -2*d + 4. Let z(t) = t**2 + 1. Let j be z(2). Suppose p = -0*p + j. Suppose p*i - i - 24 = 0. What is n(i)?
-8
Let a(b) be the first derivative of -5*b**3/6 + 29*b - 8. Let h(f) be the first derivative of a(f). Calculate h(-1).
5
Suppose 5*b + 4*j - 41 = 0, b + 17*j = 12*j + 25. Let p(h) = -4*h**3 - 11*h**2 + 6*h + 7. Let c(s) = -s**3 - s**2 + 1. Let u(y) = -5*c(y) + p(y). Give u(b).
7
Let r(l) be the first derivative of -2*l**3/3 + l**2/2 - 40*l - 16. Let q(n) be the first derivative of r(n). Calculate q(-2).
9
Let c = 0 + 8. Suppose 4*i = -0*i + c. Let a(t) = t**3 + 1. Let y(v) = -4*v**3 - 3. Let h(f) = 5*a(f) + y(f). What is h(i)?
10
Let x(a) be the second derivative of -1/6*a**3 + 0 + 27*a + 3*a**2. Calculate x(7).
-1
Let r(l) = 11*l**3 - 5*l**2 - 9*l - 5. Let p(f) be the second derivative of f**5/10 - f**3/6 - f**2/2 + 43*f. Let a(v) = 6*p(v) - r(v). Give a(-4).
3
Let t(c) = c**2 + 10*c + 11. Let r be t(0). Let j be -3 + 35/r - 202/22. Let y(l) = -l**2 - 7*l + 12. Determine y(j).
-6
Let i(m) = -m**3 + 10*m**2 - 7*m - 9. Let k be i(10). Let g = 54 + k. Let z = 21